{"version":"1.0","provider_name":"ERBEL","provider_url":"https:\/\/erbel.eus\/fr\/","author_name":"Egoitz Galartza","author_url":"https:\/\/erbel.eus\/fr\/author\/egoitz\/","title":"Journ\u00e9e d'automne ERBEL 2025 &#8226; ERBEL","type":"rich","width":600,"height":338,"html":"<blockquote class=\"wp-embedded-content\" data-secret=\"F3KJcy9r6c\"><a href=\"https:\/\/erbel.eus\/fr\/2025\/10\/18\/journee-dautomne-erbel-2025\/\">Journ\u00e9e d&rsquo;automne ERBEL 2025<\/a><\/blockquote><iframe sandbox=\"allow-scripts\" security=\"restricted\" src=\"https:\/\/erbel.eus\/fr\/2025\/10\/18\/journee-dautomne-erbel-2025\/embed\/#?secret=F3KJcy9r6c\" width=\"600\" height=\"338\" title=\"\u00ab\u00a0Journ\u00e9e d&rsquo;automne ERBEL 2025\u00a0\u00bb &#8212; ERBEL\" data-secret=\"F3KJcy9r6c\" frameborder=\"0\" marginwidth=\"0\" marginheight=\"0\" scrolling=\"no\" class=\"wp-embedded-content\"><\/iframe><script>\n\/*! This file is auto-generated *\/\n!function(d,l){\"use strict\";l.querySelector&&d.addEventListener&&\"undefined\"!=typeof URL&&(d.wp=d.wp||{},d.wp.receiveEmbedMessage||(d.wp.receiveEmbedMessage=function(e){var t=e.data;if((t||t.secret||t.message||t.value)&&!\/[^a-zA-Z0-9]\/.test(t.secret)){for(var s,r,n,a=l.querySelectorAll('iframe[data-secret=\"'+t.secret+'\"]'),o=l.querySelectorAll('blockquote[data-secret=\"'+t.secret+'\"]'),c=new RegExp(\"^https?:$\",\"i\"),i=0;i<o.length;i++)o[i].style.display=\"none\";for(i=0;i<a.length;i++)s=a[i],e.source===s.contentWindow&&(s.removeAttribute(\"style\"),\"height\"===t.message?(1e3<(r=parseInt(t.value,10))?r=1e3:~~r<200&&(r=200),s.height=r):\"link\"===t.message&&(r=new URL(s.getAttribute(\"src\")),n=new URL(t.value),c.test(n.protocol))&&n.host===r.host&&l.activeElement===s&&(d.top.location.href=t.value))}},d.addEventListener(\"message\",d.wp.receiveEmbedMessage,!1),l.addEventListener(\"DOMContentLoaded\",function(){for(var e,t,s=l.querySelectorAll(\"iframe.wp-embedded-content\"),r=0;r<s.length;r++)(t=(e=s[r]).getAttribute(\"data-secret\"))||(t=Math.random().toString(36).substring(2,12),e.src+=\"#?secret=\"+t,e.setAttribute(\"data-secret\",t)),e.contentWindow.postMessage({message:\"ready\",secret:t},\"*\")},!1)))}(window,document);\n<\/script>\n","thumbnail_url":"https:\/\/erbel.eus\/wp-content\/uploads\/2023\/10\/DSC_0113-min.jpg","thumbnail_width":2048,"thumbnail_height":1365,"description":"La Journ\u00e9e de G\u00e9n\u00e9tique et de S\u00e9lection Apicoles aura lieu le 22 novembre 2025. Cette ann\u00e9e encore, nous avons choisi le b\u00e2timent Ataria \u00e0 Salburua (Vitoria-Gasteiz, Araba), un lieu id\u00e9al dans un cadre exceptionnel. Les principaux th\u00e8mes abord\u00e9s lors de la journ\u00e9e seront la s\u00e9lection des abeilles, le r\u00f4le des faux bourdons dans la ruche et le frelon asiatique."}

Journée d'automne ERBEL 2025 &#8226; ERBEL

<blockquote class="wp-embedded-content" data-secret="F3KJcy9r6c"><a href="https://erbel.eus/fr/2025/10/18/journee-dautomne-erbel-2025/">Journée d&rsquo;automne ERBEL 2025</a></blockquote><iframe sandbox="allow-scripts" security="restricted" src="https://erbel.eus/fr/2025/10/18/journee-dautomne-erbel-2025/embed/#?secret=F3KJcy9r6c" width="600" height="338" title="« Journée d&rsquo;automne ERBEL 2025 » &#8212; ERBEL" data-secret="F3KJcy9r6c" frameborder="0" marginwidth="0" marginheight="0" scrolling="no" class="wp-embedded-content"></iframe><script>
/*! This file is auto-generated */
!function(d,l){"use strict";l.querySelector&&d.addEventListener&&"undefined"!=typeof URL&&(d.wp=d.wp||{},d.wp.receiveEmbedMessage||(d.wp.receiveEmbedMessage=function(e){var t=e.data;if((t||t.secret||t.message||t.value)&&!/[^a-zA-Z0-9]/.test(t.secret)){for(var s,r,n,a=l.querySelectorAll('iframe[data-secret="'+t.secret+'"]'),o=l.querySelectorAll('blockquote[data-secret="'+t.secret+'"]'),c=new RegExp("^https?:$","i"),i=0;i<o.length;i++)o[i].style.display="none";for(i=0;i<a.length;i++)s=a[i],e.source===s.contentWindow&&(s.removeAttribute("style"),"height"===t.message?(1e3<(r=parseInt(t.value,10))?r=1e3:~~r<200&&(r=200),s.height=r):"link"===t.message&&(r=new URL(s.getAttribute("src")),n=new URL(t.value),c.test(n.protocol))&&n.host===r.host&&l.activeElement===s&&(d.top.location.href=t.value))}},d.addEventListener("message",d.wp.receiveEmbedMessage,!1),l.addEventListener("DOMContentLoaded",function(){for(var e,t,s=l.querySelectorAll("iframe.wp-embedded-content"),r=0;r<s.length;r++)(t=(e=s[r]).getAttribute("data-secret"))||(t=Math.random().toString(36).substring(2,12),e.src+="#?secret="+t,e.setAttribute("data-secret",t)),e.contentWindow.postMessage({message:"ready",secret:t},"*")},!1)))}(window,document);
</script>

La Journée de Génétique et de Sélection Apicoles aura lieu le 22 novembre 2025. Cette année encore, nous avons choisi le bâtiment Ataria à Salburua (Vitoria-Gasteiz, Araba), un lieu idéal dans un cadre exceptionnel. Les principaux thèmes abordés lors de la journée seront la sélection des abeilles, le rôle des faux bourdons dans la ruche et le frelon asiatique.
