{"version":"1.0","provider_name":"ERBEL","provider_url":"https:\/\/erbel.eus\/fr\/","author_name":"Egoitz Galartza","author_url":"https:\/\/erbel.eus\/fr\/author\/egoitz\/","title":"ERBEL au salon Apimondia 2023 &#8226; ERBEL","type":"rich","width":600,"height":338,"html":"<blockquote class=\"wp-embedded-content\" data-secret=\"NvW6bBdCrx\"><a href=\"https:\/\/erbel.eus\/fr\/2023\/09\/20\/erbel-au-salon-apimondia-2023\/\">ERBEL au salon Apimondia 2023<\/a><\/blockquote><iframe sandbox=\"allow-scripts\" security=\"restricted\" src=\"https:\/\/erbel.eus\/fr\/2023\/09\/20\/erbel-au-salon-apimondia-2023\/embed\/#?secret=NvW6bBdCrx\" width=\"600\" height=\"338\" title=\"\u00ab\u00a0ERBEL au salon Apimondia 2023\u00a0\u00bb &#8212; ERBEL\" data-secret=\"NvW6bBdCrx\" frameborder=\"0\" marginwidth=\"0\" marginheight=\"0\" scrolling=\"no\" class=\"wp-embedded-content\"><\/iframe><script>\n\/*! This file is auto-generated *\/\n!function(d,l){\"use strict\";l.querySelector&&d.addEventListener&&\"undefined\"!=typeof URL&&(d.wp=d.wp||{},d.wp.receiveEmbedMessage||(d.wp.receiveEmbedMessage=function(e){var t=e.data;if((t||t.secret||t.message||t.value)&&!\/[^a-zA-Z0-9]\/.test(t.secret)){for(var s,r,n,a=l.querySelectorAll('iframe[data-secret=\"'+t.secret+'\"]'),o=l.querySelectorAll('blockquote[data-secret=\"'+t.secret+'\"]'),c=new RegExp(\"^https?:$\",\"i\"),i=0;i<o.length;i++)o[i].style.display=\"none\";for(i=0;i<a.length;i++)s=a[i],e.source===s.contentWindow&&(s.removeAttribute(\"style\"),\"height\"===t.message?(1e3<(r=parseInt(t.value,10))?r=1e3:~~r<200&&(r=200),s.height=r):\"link\"===t.message&&(r=new URL(s.getAttribute(\"src\")),n=new URL(t.value),c.test(n.protocol))&&n.host===r.host&&l.activeElement===s&&(d.top.location.href=t.value))}},d.addEventListener(\"message\",d.wp.receiveEmbedMessage,!1),l.addEventListener(\"DOMContentLoaded\",function(){for(var e,t,s=l.querySelectorAll(\"iframe.wp-embedded-content\"),r=0;r<s.length;r++)(t=(e=s[r]).getAttribute(\"data-secret\"))||(t=Math.random().toString(36).substring(2,12),e.src+=\"#?secret=\"+t,e.setAttribute(\"data-secret\",t)),e.contentWindow.postMessage({message:\"ready\",secret:t},\"*\")},!1)))}(window,document);\n<\/script>\n","thumbnail_url":"https:\/\/i0.wp.com\/erbel.eus\/wp-content\/uploads\/2023\/09\/Andone-Apimondian-2023-09-1.jpeg?fit=719%2C966&ssl=1","thumbnail_width":719,"thumbnail_height":966,"description":"Le programme de s\u00e9lection d'ERBEL \u00e9tait pr\u00e9sent cette ann\u00e9e \u00e0 Apimondia au Chili, gr\u00e2ce \u00e0 notre collaborateur Andone Estonba (UPV\/EHU), avec le poster intitul\u00e9 \"A genetic improvement program for the native bee of the Iberian Peninsula, A. m. iberiensis\u00a0\u00bb (Programme d'am\u00e9lioration g\u00e9n\u00e9tique de l'abeille autochtone de la p\u00e9ninsule ib\u00e9rique A. m. iberiensis)."}

Le programme de sélection d'ERBEL était présent cette année à Apimondia au Chili, grâce à notre collaborateur Andone Estonba (UPV/EHU), avec le poster intitulé "A genetic improvement program for the native bee of the Iberian Peninsula, A. m. iberiensis » (Programme d'amélioration génétique de l'abeille autochtone de la péninsule ibérique A. m. iberiensis).
