{"version":"1.0","provider_name":"ERBEL","provider_url":"https:\/\/erbel.eus\/fr\/","author_name":"Egoitz Galartza","author_url":"https:\/\/erbel.eus\/fr\/author\/egoitz\/","title":"Journ\u00e9es d'automne ERBEL 2020 &#8226; ERBEL","type":"rich","width":600,"height":338,"html":"<blockquote class=\"wp-embedded-content\" data-secret=\"oN8ZIaFJqd\"><a href=\"https:\/\/erbel.eus\/fr\/2020\/10\/08\/journees-dautomne-erbel-2020\/\">Journ\u00e9es d&rsquo;automne ERBEL 2020<\/a><\/blockquote><iframe sandbox=\"allow-scripts\" security=\"restricted\" src=\"https:\/\/erbel.eus\/fr\/2020\/10\/08\/journees-dautomne-erbel-2020\/embed\/#?secret=oN8ZIaFJqd\" width=\"600\" height=\"338\" title=\"\u00ab\u00a0Journ\u00e9es d&rsquo;automne ERBEL 2020\u00a0\u00bb &#8212; ERBEL\" data-secret=\"oN8ZIaFJqd\" frameborder=\"0\" marginwidth=\"0\" marginheight=\"0\" scrolling=\"no\" class=\"wp-embedded-content\"><\/iframe><script>\n\/*! This file is auto-generated *\/\n!function(d,l){\"use strict\";l.querySelector&&d.addEventListener&&\"undefined\"!=typeof URL&&(d.wp=d.wp||{},d.wp.receiveEmbedMessage||(d.wp.receiveEmbedMessage=function(e){var t=e.data;if((t||t.secret||t.message||t.value)&&!\/[^a-zA-Z0-9]\/.test(t.secret)){for(var s,r,n,a=l.querySelectorAll('iframe[data-secret=\"'+t.secret+'\"]'),o=l.querySelectorAll('blockquote[data-secret=\"'+t.secret+'\"]'),c=new RegExp(\"^https?:$\",\"i\"),i=0;i<o.length;i++)o[i].style.display=\"none\";for(i=0;i<a.length;i++)s=a[i],e.source===s.contentWindow&&(s.removeAttribute(\"style\"),\"height\"===t.message?(1e3<(r=parseInt(t.value,10))?r=1e3:~~r<200&&(r=200),s.height=r):\"link\"===t.message&&(r=new URL(s.getAttribute(\"src\")),n=new URL(t.value),c.test(n.protocol))&&n.host===r.host&&l.activeElement===s&&(d.top.location.href=t.value))}},d.addEventListener(\"message\",d.wp.receiveEmbedMessage,!1),l.addEventListener(\"DOMContentLoaded\",function(){for(var e,t,s=l.querySelectorAll(\"iframe.wp-embedded-content\"),r=0;r<s.length;r++)(t=(e=s[r]).getAttribute(\"data-secret\"))||(t=Math.random().toString(36).substring(2,12),e.src+=\"#?secret=\"+t,e.setAttribute(\"data-secret\",t)),e.contentWindow.postMessage({message:\"ready\",secret:t},\"*\")},!1)))}(window,document);\n<\/script>\n","thumbnail_url":"https:\/\/i0.wp.com\/erbel.eus\/wp-content\/uploads\/2019\/05\/1.3.3..jpg?fit=2048%2C1365&ssl=1","thumbnail_width":2048,"thumbnail_height":1365,"description":"Suite au succ\u00e8s remport\u00e9 l'an dernier lors des journ\u00e9es d'automne, nous avons pr\u00e9vu d'organiser une s\u00e9rie de conf\u00e9rences sur la g\u00e9n\u00e9tique et la s\u00e9lection apicole. Cette ann\u00e9e cependant, suite \u00e0 la situation li\u00e9e au COVID-19, il s'agira de journ\u00e9es en ligne. Les dates choisies sont les 21 et 28 novembre."}

Journées d'automne ERBEL 2020 &#8226; ERBEL

<blockquote class="wp-embedded-content" data-secret="oN8ZIaFJqd"><a href="https://erbel.eus/fr/2020/10/08/journees-dautomne-erbel-2020/">Journées d&rsquo;automne ERBEL 2020</a></blockquote><iframe sandbox="allow-scripts" security="restricted" src="https://erbel.eus/fr/2020/10/08/journees-dautomne-erbel-2020/embed/#?secret=oN8ZIaFJqd" width="600" height="338" title="« Journées d&rsquo;automne ERBEL 2020 » &#8212; ERBEL" data-secret="oN8ZIaFJqd" frameborder="0" marginwidth="0" marginheight="0" scrolling="no" class="wp-embedded-content"></iframe><script>
/*! This file is auto-generated */
!function(d,l){"use strict";l.querySelector&&d.addEventListener&&"undefined"!=typeof URL&&(d.wp=d.wp||{},d.wp.receiveEmbedMessage||(d.wp.receiveEmbedMessage=function(e){var t=e.data;if((t||t.secret||t.message||t.value)&&!/[^a-zA-Z0-9]/.test(t.secret)){for(var s,r,n,a=l.querySelectorAll('iframe[data-secret="'+t.secret+'"]'),o=l.querySelectorAll('blockquote[data-secret="'+t.secret+'"]'),c=new RegExp("^https?:$","i"),i=0;i<o.length;i++)o[i].style.display="none";for(i=0;i<a.length;i++)s=a[i],e.source===s.contentWindow&&(s.removeAttribute("style"),"height"===t.message?(1e3<(r=parseInt(t.value,10))?r=1e3:~~r<200&&(r=200),s.height=r):"link"===t.message&&(r=new URL(s.getAttribute("src")),n=new URL(t.value),c.test(n.protocol))&&n.host===r.host&&l.activeElement===s&&(d.top.location.href=t.value))}},d.addEventListener("message",d.wp.receiveEmbedMessage,!1),l.addEventListener("DOMContentLoaded",function(){for(var e,t,s=l.querySelectorAll("iframe.wp-embedded-content"),r=0;r<s.length;r++)(t=(e=s[r]).getAttribute("data-secret"))||(t=Math.random().toString(36).substring(2,12),e.src+="#?secret="+t,e.setAttribute("data-secret",t)),e.contentWindow.postMessage({message:"ready",secret:t},"*")},!1)))}(window,document);
</script>

Suite au succès remporté l'an dernier lors des journées d'automne, nous avons prévu d'organiser une série de conférences sur la génétique et la sélection apicole. Cette année cependant, suite à la situation liée au COVID-19, il s'agira de journées en ligne. Les dates choisies sont les 21 et 28 novembre.
