{"version":"1.0","provider_name":"ERBEL","provider_url":"https:\/\/erbel.eus\/fr\/","author_name":"Egoitz Galartza","author_url":"https:\/\/erbel.eus\/fr\/author\/egoitz\/","title":"Journ\u00e9es d'automne de l'ERBEL &#8226; ERBEL","type":"rich","width":600,"height":338,"html":"<blockquote class=\"wp-embedded-content\" data-secret=\"lec3KhVKbM\"><a href=\"https:\/\/erbel.eus\/fr\/2019\/10\/08\/journees-dautomne-de-lerbel\/\">Journ\u00e9es d&rsquo;automne de l&rsquo;ERBEL<\/a><\/blockquote><iframe sandbox=\"allow-scripts\" security=\"restricted\" src=\"https:\/\/erbel.eus\/fr\/2019\/10\/08\/journees-dautomne-de-lerbel\/embed\/#?secret=lec3KhVKbM\" width=\"600\" height=\"338\" title=\"\u00ab\u00a0Journ\u00e9es d&rsquo;automne de l&rsquo;ERBEL\u00a0\u00bb &#8212; ERBEL\" data-secret=\"lec3KhVKbM\" frameborder=\"0\" marginwidth=\"0\" marginheight=\"0\" scrolling=\"no\" class=\"wp-embedded-content\"><\/iframe><script>\n\/*! This file is auto-generated *\/\n!function(d,l){\"use strict\";l.querySelector&&d.addEventListener&&\"undefined\"!=typeof URL&&(d.wp=d.wp||{},d.wp.receiveEmbedMessage||(d.wp.receiveEmbedMessage=function(e){var t=e.data;if((t||t.secret||t.message||t.value)&&!\/[^a-zA-Z0-9]\/.test(t.secret)){for(var s,r,n,a=l.querySelectorAll('iframe[data-secret=\"'+t.secret+'\"]'),o=l.querySelectorAll('blockquote[data-secret=\"'+t.secret+'\"]'),c=new RegExp(\"^https?:$\",\"i\"),i=0;i<o.length;i++)o[i].style.display=\"none\";for(i=0;i<a.length;i++)s=a[i],e.source===s.contentWindow&&(s.removeAttribute(\"style\"),\"height\"===t.message?(1e3<(r=parseInt(t.value,10))?r=1e3:~~r<200&&(r=200),s.height=r):\"link\"===t.message&&(r=new URL(s.getAttribute(\"src\")),n=new URL(t.value),c.test(n.protocol))&&n.host===r.host&&l.activeElement===s&&(d.top.location.href=t.value))}},d.addEventListener(\"message\",d.wp.receiveEmbedMessage,!1),l.addEventListener(\"DOMContentLoaded\",function(){for(var e,t,s=l.querySelectorAll(\"iframe.wp-embedded-content\"),r=0;r<s.length;r++)(t=(e=s[r]).getAttribute(\"data-secret\"))||(t=Math.random().toString(36).substring(2,12),e.src+=\"#?secret=\"+t,e.setAttribute(\"data-secret\",t)),e.contentWindow.postMessage({message:\"ready\",secret:t},\"*\")},!1)))}(window,document);\n<\/script>\n","thumbnail_url":"https:\/\/i0.wp.com\/erbel.eus\/wp-content\/uploads\/2019\/05\/2.4.-1.jpg?fit=2048%2C1149&ssl=1","thumbnail_width":2048,"thumbnail_height":1149,"description":"Le 23, journ\u00e9e ouverte au public, Andone Estonba, professeur de g\u00e9n\u00e9tique \u00e0 l'UPV \/ EHU, Gilles Fert, apiculteur professionnel et \u00e9leveur et Mikela Untsain, apiculteur professionnel, interviendront en tant qu'orateurs. Le m\u00eame jour, le travail effectu\u00e9 par ERBEL et son programme d'am\u00e9lioration g\u00e9n\u00e9tique seront \u00e9galement pr\u00e9sent\u00e9s. Enfin, tous les orateurs organiseront une table ronde sur les questions de s\u00e9lection et d\u2019apiculture."}

Journées d'automne de l'ERBEL &#8226; ERBEL

<blockquote class="wp-embedded-content" data-secret="lec3KhVKbM"><a href="https://erbel.eus/fr/2019/10/08/journees-dautomne-de-lerbel/">Journées d&rsquo;automne de l&rsquo;ERBEL</a></blockquote><iframe sandbox="allow-scripts" security="restricted" src="https://erbel.eus/fr/2019/10/08/journees-dautomne-de-lerbel/embed/#?secret=lec3KhVKbM" width="600" height="338" title="« Journées d&rsquo;automne de l&rsquo;ERBEL » &#8212; ERBEL" data-secret="lec3KhVKbM" frameborder="0" marginwidth="0" marginheight="0" scrolling="no" class="wp-embedded-content"></iframe><script>
/*! This file is auto-generated */
!function(d,l){"use strict";l.querySelector&&d.addEventListener&&"undefined"!=typeof URL&&(d.wp=d.wp||{},d.wp.receiveEmbedMessage||(d.wp.receiveEmbedMessage=function(e){var t=e.data;if((t||t.secret||t.message||t.value)&&!/[^a-zA-Z0-9]/.test(t.secret)){for(var s,r,n,a=l.querySelectorAll('iframe[data-secret="'+t.secret+'"]'),o=l.querySelectorAll('blockquote[data-secret="'+t.secret+'"]'),c=new RegExp("^https?:$","i"),i=0;i<o.length;i++)o[i].style.display="none";for(i=0;i<a.length;i++)s=a[i],e.source===s.contentWindow&&(s.removeAttribute("style"),"height"===t.message?(1e3<(r=parseInt(t.value,10))?r=1e3:~~r<200&&(r=200),s.height=r):"link"===t.message&&(r=new URL(s.getAttribute("src")),n=new URL(t.value),c.test(n.protocol))&&n.host===r.host&&l.activeElement===s&&(d.top.location.href=t.value))}},d.addEventListener("message",d.wp.receiveEmbedMessage,!1),l.addEventListener("DOMContentLoaded",function(){for(var e,t,s=l.querySelectorAll("iframe.wp-embedded-content"),r=0;r<s.length;r++)(t=(e=s[r]).getAttribute("data-secret"))||(t=Math.random().toString(36).substring(2,12),e.src+="#?secret="+t,e.setAttribute("data-secret",t)),e.contentWindow.postMessage({message:"ready",secret:t},"*")},!1)))}(window,document);
</script>

Le 23, journée ouverte au public, Andone Estonba, professeur de génétique à l'UPV / EHU, Gilles Fert, apiculteur professionnel et éleveur et Mikela Untsain, apiculteur professionnel, interviendront en tant qu'orateurs. Le même jour, le travail effectué par ERBEL et son programme d'amélioration génétique seront également présentés. Enfin, tous les orateurs organiseront une table ronde sur les questions de sélection et d’apiculture.
